{"id":4285,"date":"2024-02-13T14:49:14","date_gmt":"2024-02-13T13:49:14","guid":{"rendered":"https:\/\/lesconfectionsjoly.com\/demo\/?post_type=product&#038;p=4285"},"modified":"2024-02-13T14:55:23","modified_gmt":"2024-02-13T13:55:23","slug":"coton-ouate-chauffant-securite","status":"publish","type":"product","link":"https:\/\/lesconfectionsjoly.com\/demo\/produit\/coton-ouate-chauffant-securite\/","title":{"rendered":"Coton ouat\u00e9 chauffant s\u00e9curit\u00e9"},"content":{"rendered":"","protected":false},"excerpt":{"rendered":"<ul>\n<li>3 niveaux d&rsquo;alimentation par batterie rechargeable<br \/>\nchaleur (avant et arri\u00e8re) qui dure jusqu&rsquo;\u00e0 6 heures<\/li>\n<li>Poches<\/li>\n<li>Capuche amovible<\/li>\n<\/ul>\n","protected":false},"featured_media":4284,"comment_status":"open","ping_status":"closed","template":"","meta":{"_coblocks_attr":"","_coblocks_dimensions":"","_coblocks_responsive_height":"","_coblocks_accordion_ie_support":""},"product_cat":[26,66,62],"product_tag":[],"class_list":{"0":"post-4285","1":"product","2":"type-product","3":"status-publish","4":"has-post-thumbnail","6":"product_cat-coton-ouate","7":"product_cat-haute-visibilite","8":"product_cat-tout-voir","10":"first","11":"instock","12":"shipping-taxable","13":"purchasable","14":"product-type-variable"},"_links":{"self":[{"href":"https:\/\/lesconfectionsjoly.com\/demo\/wp-json\/wp\/v2\/product\/4285","targetHints":{"allow":["GET"]}}],"collection":[{"href":"https:\/\/lesconfectionsjoly.com\/demo\/wp-json\/wp\/v2\/product"}],"about":[{"href":"https:\/\/lesconfectionsjoly.com\/demo\/wp-json\/wp\/v2\/types\/product"}],"replies":[{"embeddable":true,"href":"https:\/\/lesconfectionsjoly.com\/demo\/wp-json\/wp\/v2\/comments?post=4285"}],"wp:featuredmedia":[{"embeddable":true,"href":"https:\/\/lesconfectionsjoly.com\/demo\/wp-json\/wp\/v2\/media\/4284"}],"wp:attachment":[{"href":"https:\/\/lesconfectionsjoly.com\/demo\/wp-json\/wp\/v2\/media?parent=4285"}],"wp:term":[{"taxonomy":"product_cat","embeddable":true,"href":"https:\/\/lesconfectionsjoly.com\/demo\/wp-json\/wp\/v2\/product_cat?post=4285"},{"taxonomy":"product_tag","embeddable":true,"href":"https:\/\/lesconfectionsjoly.com\/demo\/wp-json\/wp\/v2\/product_tag?post=4285"}],"curies":[{"name":"wp","href":"https:\/\/api.w.org\/{rel}","templated":true}]}}